4) to base 12
-2bb
Convert 777 (base 10) to base 5.
11102
What is 4523 (base 8) in base 6?
15015
Convert 23473 (base 9) to base 12.
9103
What is -a874 (base 13) in base 11?
-16659
Convert -1143 (base 9) to base 6.
-3533
-13313 (base 6) to base 10
-2061
Convert 161 (base 13) to base 6.
1052
Convert 2455 (base 16) to base 10.
9301
22023001 (base 4) to base 2
1010001011000001
Convert -44132 (base 5) to base 8.
-5742
What is 1002301 (base 4) in base 14?
17b3
What is ee (base 16) in base 15?
10d
Convert -17246 (base 8) to base 16.
-1ea6
a44 (base 12) to base 6
10524
What is 3445 (base 6) in base 10?
821
1010011101 (base 2) to base 9
823
Convert -8022 (base 10) to base 8.
-17526
Convert -9801 (base 13) to base 4.
-11022012
Convert -111011 (base 4) to base 11.
-1017
Convert 11378 (base 9) to base 8.
16664
What is 239 (base 12) in base 4?
11031
-10001110100 (base 2) to base 12
-7b0
What is -1010110011 (base 2) in base 13?
-412
What is -340 (base 6) in base 7?
-246
What is 100112101 (base 3) in base 11?
5248
3518 (base 9) to base 16
a31
237 (base 8) to base 11
135
-10010001110001 (base 2) to base 9
-13715
What is -11146 (base 7) in base 6?
-21031
What is -42b (base 15) in base 13?
-575
What is -910 (base 12) in base 8?
-2434
b7c0 (base 14) to base 5
2003344
-1210322 (base 4) to base 6
-45522
What is 1077 (base 8) in base 11?
483
Convert 224023 (base 5) to base 4.
1331031
Convert -18c9 (base 16) to base 2.
-1100011001001
What is 110011010100110 (base 2) in base 9?
40037
19 (base 14) to base 9
25
Convert -11012330 (base 4) to base 6.
-240512
-103150 (base 7) to base 9
-26521
What is -1551 (base 8) in base 2?
-1101101001
Convert -131 (base 4) to base 6.
-45
What is 546 (base 13) in base 14?
487
What is 4113 (base 5) in base 4?
20111
Convert 1bb (base 15) to base 6.
1505
Convert -59b (base 15) to base 10.
-1271
What is -21823 (base 9) in base 15?
-4480
Convert 2537 (base 11) to base 6.
23151
What is 105724 (base 8) in base 6?
433420
Convert -5503 (base 9) to base 5.
-112203
What is 112302 (base 4) in base 11?
1106
1a9a0 (base 11) to base 8
70736
-7603 (base 8) to base 13
-1a66
627 (base 9) to base 4
13333
Convert 452 (base 6) to base 11.
150
21142 (base 6) to base 3
10221022
346 (base 7) to base 13
10c
What is 1259 (base 14) in base 11?
2463
10636 (base 7) to base 4
222202
Convert 100111001100 (base 2) to base 9.
3386
What is -206 (base 15) in base 10?
-456
Convert 431 (base 15) to base 2.
1110110010
-1887 (base 16) to base 5
-200104
Convert -225113 (base 7) to base 15.
-bd95
Convert 6408 (base 13) to base 2.
11011000101010
-200121122 (base 3) to base 15
-404b
-1404 (base 7) to base 16
-21f
What is -337 (base 14) in base 2?
-1001111101
Convert 2023 (base 6) to base 15.
1ec
What is -12060 (base 7) in base 11?
-2395
Convert 37ed (base 15) to base 11.
8a5a
What is -207114 (base 8) in base 14?
-1b308
Convert 2200101022 (base 3) to base 2.
1100111000011110
What is -291 (base 13) in base 9?
-556
Convert -329 (base 15) to base 7.
-2040
What is -64314 (base 8) in base 2?
-110100011001100
Convert -11213 (base 5) to base 15.
-38d
What is 133033 (base 4) in base 7?
5554
Convert 4000 (base 6) to base 11.
716
1ab (base 14) to base 13
209
What is -2775 (base 13) in base 3?
-21210010
Convert 240 (base 9) to base 5.
1243
10123302 (base 4) to base 6
220030
-123330 (base 4) to base 8
-3374
-8245 (base 16) to base 13
-12244
Convert 44171 (base 8) to base 10.
18553
-2880 (base 9) to base 8
-4202
821 (base 9) to base 6
3031
What is -18229 (base 10) in base 2?
-100011100110101
Convert -11010211 (base 3) to base 7.
-11542
What is -1b4 (base 14) in base 12?
-256
Convert 526 (base 15) to base 8.
2211
10000000000 (base 2) to base 6
4424
What is -164 (base 9) in base 4?
-2023
Convert -11 (base 7) to base 12.
-8
What is -120104 (base 6) in base 9?
-15244
What is -d4 (base 15) in base 8?
-307
What is -4115 (base 6) in base 15?
-40b
What is 2171 (base 9) in base 2?
11001000011
What is 2053 (base 7) in base 6?
3204
32672 (base 8) to base 6
143402
What is 101121 (base 4) in base 8?
2131
Convert -632 (base 9) to base 16.
-203
What is -201215 (base 8) in base 12?
-32379
Convert 1206 (base 11) to base 12.
ab7
What is -244 (base 14) in base 5?
-3302
Convert -1479 (base 12) to base 10.
-2397
Convert -773 (base 9) to base 3.
-212110
Convert -8353 (base 10) to base 12.
-4a01
10a9 (base 16) to base 12
2575
Convert 111 (base 10) to base 12.
93
What is -3196 (base 15) in base 4?
-2203323
50465 (base 8) to base 16
5135
Convert 13014 (base 5) to base 9.
1341
Convert -19368 (base 11) to base 8.
-64661
Convert 22081 (base 13) to base 12.
2b7b1
Convert 32b2 (base 16) to base 5.
403403
-20511 (base 7) to base 9
-6836
32034 (base 5) to base 11
167a
Convert 55b (base 15) to base 16.
4bb
-2200 (base 6) to base 8
-770
What is a280 (base 16) in base 4?
22022000
What is -1db (base 16) in base 6?
-2111
What is 18127 (base 9) in base 3?
122010221
What is -24531 (base 8) in base 4?
-2211121
10b77 (base 15) to base 16
cfdc
-2202 (base 5) to base 9
-365
Convert 2632 (base 9) to base 13.
b8a
Convert -c798 (base 14) to base 15.
-a309
-88a3 (base 16) to base 15
-a56e
Convert 64077 (base 8) to base 4.
12200333
Convert -56562 (base 7) to base 6.
-150240
Convert -12220220 (base 4) to base 6.
-325452
What is c48 (base 15) in base 4?
223100
What is -25254 (base 8) in base 16?
-2aac
Convert -e5 (base 16) to base 14.
-125
What is -1001010010 (base 2) in base 13?
-369
Convert -6833 (base 10) to base 2.
-1101010110001
Convert 1447 (base 12) to base 7.
6610
What is 233143 (base 5) in base 12?
4b44
14157 (base 12) to base 3
1102012211
-10123 (base 6) to base 9
-1756
What is -720 (base 10) in base 14?
-396
-1113123 (base 4) to base 13
-2715
5070 (base 14) to base 2
11010111111010
What is a9a (base 12) in base 15?
6dd
Convert 764 (base 9) to base 14.
329
What is 13222 (base 11) in base 12?
ab30
1241 (base 9) to base 10
928
What is 2b10 (base 12) in base 4?
1032330
Convert 11001110110 (base 2) to base 4.
121312
23132 (base 4) to base 15
33e
What is 1468 (base 9) in base 2?
10001011011
1638 (base 10) to base 8
3146
What is 20022 (base 3) in base 8?
252
Convert 125 (base 12) to base 9.
212
7063 (base 8) to base 5
104020
What is 11112122 (base 3) in base 5?
101221
What is 2d2 (base 14) in base 10?
576
373 (base 10) to base 5
2443
715 (base 9) to base 12
405
Convert -7654 (base 15) to base 13.
-b533
What is 3424 (base 9) in base 16?
9e5
What is -2111101121 (base 3) in base 8?
-137751
Convert 1571 (base 8) to base 10.
889
Convert 1220 (base 4) to base 15.
6e
Convert -29b1 (base 14) to base 3.
-101011100
What is -4303 (base 6) in base 14?
-4d9
What is 10211131 (base 4) in base 7?
105520
Convert 454211 (base 6) to base 9.
57757
What is 323434 (base 5) in base 14?
40a3
27514 (base 11) to base 9
58716
What is 2247 (base 9) in base 4?
121333
-273 (base 10) to base 3
-101010
-203101 (base 4) to base 7
-6403
2688 (base 11) to base 5
102414
-5667 (base 13) to base 12
-6bb0
Convert -1011000 (base 2) to base 5.
-323
56118 (base 9) to base 8
110635
-54011 (base 7) to base 14
-4c41
What is 570 (base 13) in base 2?
1110101000
200221111 (base 3) to base 2
11010111110010
What is -5588 (base 16) in base 7?
-120560
2d (base 15) to base 7
61
Convert -4042 (base 5) to base 2.
-1000001010
Convert -1422 (base 7) to base 4.
-20223
What is 143030 (base 6) in base 16?
353a
What is -22131 (base 4) in base 3?
-220210
Convert 5470 (base 8) to base 11.
2181
-1011001111101 (base 2) to base 12
-33b9
Convert -2c6 (base 14) to base 16.
-236
What is 346 (base 13) in base 5?
4230
What is 3132 (base 10) in base 11?
2398
Convert -860 (base 16) to base 7.
-6152
4845 (base 12) to base 7
32444
Convert 146 (base 9) to base 16.
7b
Convert -220 (base 5) to base 11.
-55
2022010010 (base 3) to base 14
12706
What is 10562 (base 7) in base 13?
12bc
Convert -6244 (base 7) to base 4.
-202030
What is 503 (base 12) in base 3?
222210
What is 4241 (base 5) in base 4?
20323
Convert 7a50 (base 13) to base 9.
25447
Convert 35124 (base 6) to base 14.
1b88
What is -100110010101 (base 2) in base 12?
-1505
Convert 5668 (base 14) to base 10.
14988
Convert 63345 (base 8) to base 3.
1100010121
177 (base 11) to base 6
541
-12212020 (base 3) to base 5
-114042
What is -852 (base 9) in base 14?
